5 and m?
35
Suppose 0 = -2*g - 4*i + 14, -g - i + 13 = 4*i. Suppose g*k - 108 = -12. What is the greatest common divisor of 8 and k?
8
Let g(t) be the second derivative of t**3/6 + t**2 + 7*t. Let s be g(0). What is the highest common factor of 14 and s?
2
Suppose 107*c - 13 = 106*c. Suppose -222 = -2*o - 3*q, o + 242 = 3*o - 2*q. What is the highest common divisor of c and o?
13
Let i = -13 - -21. What is the highest common divisor of i and 24?
8
Suppose 5*r = -3*g + 2*r + 36, -2*g + 2*r + 12 = 0. Let t(h) = h**3 + 18*h**2 + 13*h + 4. Let c be t(-17). What is the greatest common divisor of c and g?
9
Suppose 3*i = 41 + 25. Suppose 3*k + j = 13, 2*k - i = -3*k - 2*j. Suppose 0 = k*l + l - 350. Calculate the greatest common factor of 14 and l.
14
Let k = -7 + 9. Suppose 2*u - 36 = -k. What is the highest common divisor of 51 and u?
17
Let d be (7 - 3) + -8 + 17. What is the highest common divisor of 26 and d?
13
Suppose 4*j + a = -2*a + 17, -5*a - 10 = -j. What is the highest common divisor of j and 2?
1
Let t(v) be the second derivative of v**5/20 - v**3/3 + 3*v**2/2 - 2*v. Let y be t(-9). Let g be -2 + 1 - y/6. What is the highest common divisor of g and 13?
13
Let a(m) = -m**2 + 6*m + 1. Let r be a(5). Let i(n) = n**3 - 6*n**2 + 3*n - 9. Let z be i(r). What is the highest common factor of 72 and z?
9
Suppose -i - 2*w = 4 - 1, -4*w + 3 = -i. Let g = i - -8. Suppose -4*n + 3*h = -33, 8 = -g*h - 7. What is the highest common divisor of 15 and n?
3
Let s be (94/4)/(4/16). Suppose 7*y - 32 = s. Calculate the greatest common divisor of y and 144.
18
Let d be 215/2 + (-10)/(-4). What is the highest common factor of 22 and d?
22
Let k be 3 - (-3 - (-3 + 3)). Calculate the highest common factor of 24 and k.
6
Suppose 0 = -3*b + 5*b. Suppose -k - k + 16 = b. Let a be (-100)/(-45) + 2/(-9). Calculate the greatest common divisor of a and k.
2
Let j = 20 - 13. Suppose j*v - 2*v = 25. Suppose -v*g = -28 - 27. What is the greatest common factor of 88 and g?
11
Let o be 69/12 - 3/(-12). Let m(s) = -3*s**3 - 7 + 2*s**3 - o*s**2 + s**2 - 2*s. Let p be m(-5). What is the highest common divisor of 33 and p?
3
Let z(w) = -49*w - 52. Let x be z(-4). Calculate the greatest common divisor of x and 16.
16
Let w be 121/4 - 1/4. Suppose 0*y = -3*f + 2*y + 18, -5 = -2*f - y. Suppose -a + 4*a + f*s = 14, 0 = -2*s - 8. Calculate the highest common divisor of w and a.
10
Suppose 6*g - 490 = g. Let x = 8 + -18. Let p be (-5)/(x/24) + 2. Calculate the greatest common divisor of p and g.
14
Let f be (-68)/(-12) - 2/(-6). Let m = 4 + f. What is the greatest common factor of m and 110?
10
Let j(d) be the third derivative of -d**6/120 + d**5/12 - d**4/24 - d**3/3 + 3*d**2. Let t be j(3). Calculate the greatest common divisor of t and 26.
13
Let f = 26 + -4. Suppose -7*y - 4 = -9*y. What is the greatest common factor of y and f?
2
Let u = 9 - 7. Suppose u*f = f. Suppose f*s - 4*s + 136 = 0. Calculate the greatest common factor of 51 and s.
17
Let v be ((-2994)/(-30) - 5) + (-2)/(-10). Let d(u) = 2*u**2 + 4*u + 3. Let g be d(-4). What is the highest common factor of v and g?
19
Suppose 5*f = 13 + 2. Suppose 4*i = -5*x + i + 41, -f*x - 3*i + 27 = 0. Calculate the greatest common divisor of x and 28.
7
Let p be (-34)/(-3) + 20/(-60). Let o(y) = -7*y**3 - 3*y**2 - y - 2. Let d be o(-2). Calculate the greatest common factor of d and p.
11
Let d be 3/((8/(-28))/(-11 + 5)). What is the greatest common factor of d and 27?
9
Let m(c) = c**3 + 7*c**2 + 9*c + 7. Let s be m(-6). Let p = s - -14. Calculate the highest common divisor of 3 and p.
3
Suppose 0 = -0*s + 3*s + p + 8, p + 10 = -4*s. Let x = s + 4. What is the greatest common divisor of 3 and x?
1
Suppose -5*x + 12 = -4*c, -4*x - 2*c = -c - 18. Suppose q + 2*z = 3, z = -5*q - 0*z - 12. Let h = 13 - q. Calculate the highest common divisor of h and x.
4
Suppose 2*n + 42 = 3*y + 4*n, 3*y = 3*n + 57. What is the highest common factor of 2 and y?
2
Let f(q) = -q + 26. Let d be f(20). What is the greatest common divisor of d and 18?
6
Suppose u + 0*u - 45 = -c, 2*u - 72 = 4*c. What is the highest common factor of u and 14?
14
Let n = -25 - -92. Suppose -2*k - 23 = -n. Calculate the greatest common factor of k and 55.
11
Let p be -12*(3 - 0 - 5). What is the greatest common factor of 216 and p?
24
Let f be 3*(-16)/(-28)*42. Suppose -1 = -5*o + 14. Suppose o*s + s - f = 0. What is the highest common divisor of s and 9?
9
Let q = 29 - -2. Calculate the highest common divisor of 248 and q.
31
Let g be ((-6)/9)/(6/27). Let f be 3 - 33/g - -1. Let c(v) = v - 1. Let l be c(4). What is the highest common factor of f and l?
3
Let s be 88 - (0/(-2))/((-6)/(-6)). Suppose -2*r + 21 = -q + 3*r, -4*q = -r + 27. Let j = q + 14. What is the highest common divisor of s and j?
8
Let u(y) = y**3 - 3*y**2 + 3*y - 2. Let k be u(2). Suppose k*h = -2*h - 5*o + 86, 154 = 3*h - 5*o. Calculate the highest common divisor of 6 and h.
6
Let x(u) = -u**3 + 3*u**2 - 3. Let s be x(2). Let f(n) = n**3 + 2*n**2 - 2*n + 1. Let v be f(1). What is the highest common divisor of s and v?
1
Let q(l) = -l - 1. Let g be q(6). Let y(t) = t**3 + 8*t**2 + 5*t. Let b be y(g). Calculate the highest common factor of 7 and b.
7
Let a(w) = -2 + 0 + 8*w - w**2 + 5*w. Let b be a(6). What is the highest common factor of 10 and b?
10
Let y = -23 + 59. Let j be 7/(-1)*y/(-7). What is the greatest common factor of 6 and j?
6
Suppose -330 = -28*y + 25*y. Calculate the greatest common factor of 44 and y.
22
Suppose 93 = 3*i + 3*n, 3*n + 84 = 4*i - n. Suppose -d = -49 - i. What is the highest common divisor of 15 and d?
15
Let o(g) = g**2 - 13*g + 18. Let u(c) = c**3 + c + 12. Let t be u(0). Let j be o(t). Calculate the highest common factor of j and 4.
2
Suppose -37*j + 44 = -35*j. Calculate the highest common divisor of 2 and j.
2
Suppose -4*n + 0*n + 432 = 0. Let a = n - 30. Suppose a = 2*x + x. Calculate the highest common divisor of 13 and x.
13
Suppose 0 = -3*n - 5*i - 54, 3*i + 90 = -5*n - i. Let k = 29 + n. What is the highest common factor of 55 and k?
11
Suppose 0 = -6*s + 31 + 23. Calculate the highest common factor of 36 and s.
9
Let i(z) = z**3 - 7*z**2 + 8*z + 9. Let o be i(7). Let d be 354/9 + (-2)/6. Suppose -5*u + 26 = -d. Calculate the highest common divisor of u and o.
13
Suppose o - 68 = -2*c, 4*o + c = 3*c + 262. Calculate the greatest common divisor of o and 6.
6
Let h be 112/(-21)*9/(-4). What is the greatest common factor of 30 and h?
6
Let n(s) = 71*s - 6. Let b be n(2). Calculate the greatest common factor of b and 17.
17
Let h be (1 + -2 - -2)*9. Suppose 0 = -6*q + 3*q - 6. Let f = h + q. What is the greatest common divisor of f and 77?
7
Let o be 3*(-3)/(-9)*-1. Let m = 3 - o. Suppose m*t - 140 = -2*a - 10, 3*a = 15. What is the greatest common divisor of 15 and t?
15
Suppose 0*j - 2*j = 3*g - 235, 5*g - 4*j = 421. Let f = g + -45. Suppose 17 = 5*y - 103. What is the greatest common divisor of f and y?
12
Let y(x) = -x**3 - 9*x**2 - 8*x + 6. Let h be y(-8). Suppose -h = 3*z - 4*z. What is the greatest common divisor of 4 and z?
2
Suppose 5*j + l - 36 = 0, 4*j = -4*l + 3 + 13. Let v be 146/8 + (-2)/j. Calculate the highest common factor of 9 and v.
9
Suppose 0 = k - 26 - 9. Let o(j) = -j**2 - 6*j - 6. Let n be o(-4). Suppose n*h - 32 = -4*u - 2, 4*h = 2*u - 10. What is the highest common divisor of u and k?
7
Let x = 217 - 92. What is the highest common factor of 50 and x?
25
Let z = -12 + 9. Let r = 37 - z. What is the highest common divisor of r and 5?
5
Suppose 4*x + 4*b - 5*b = 55, x - 4*b - 10 = 0. Let p = 5 + -17. Let f be (-2)/6 + (-508)/p. Calculate the greatest common factor of x and f.
14
Let y be (72/14)/(20/70). Calculate the highest common divisor of 288 and y.
18
Suppose -4*s + 8 + 8 = 0. Calculate the greatest common factor of s and 32.
4
Suppose -2*g - 165 = -5*k - 608, 0 = -g + 5*k + 219. What is the highest common factor of g and 32?
32
Let p = 0 - 0. Suppose p = h - 4, -o = -3*h - 72 - 37. What is the greatest common divisor of 11 and o?
11
Let h be ((-4)/5)/(2/(-50)). Suppose -4*f - 20 = -3*z, -3*z + 2*f = z - h. Let o = 5 - -5. Calculate the highest common divisor of o and z.
2
Let f = -26 + 36. Suppose 2*n - 320 = -2*n. Calculate the greatest 